{"id":1642,"date":"2024-02-24T21:49:10","date_gmt":"2024-02-24T20:49:10","guid":{"rendered":"https:\/\/napoleon.wboelen.be\/?page_id=1642"},"modified":"2025-04-13T23:33:24","modified_gmt":"2025-04-13T21:33:24","slug":"ins-sni-napoleonic-scholarship-eng","status":"publish","type":"page","link":"https:\/\/napoleon.wboelen.be\/index.php\/ins-sni-napoleonic-scholarship-eng\/","title":{"rendered":"INS \/ SNI Napoleonic Scholarship (ENG) &#8211; sinds 2015"},"content":{"rendered":"\n<figure class=\"wp-block-image aligncenter size-large\"><img loading=\"lazy\" decoding=\"async\" width=\"1024\" height=\"876\" src=\"https:\/\/napoleon.wboelen.be\/wp-content\/uploads\/2025\/02\/18bis-1024x876.jpg\" alt=\"\" class=\"wp-image-2653\" srcset=\"https:\/\/napoleon.wboelen.be\/wp-content\/uploads\/2025\/02\/18bis-1024x876.jpg 1024w, https:\/\/napoleon.wboelen.be\/wp-content\/uploads\/2025\/02\/18bis-300x257.jpg 300w, https:\/\/napoleon.wboelen.be\/wp-content\/uploads\/2025\/02\/18bis-768x657.jpg 768w, https:\/\/napoleon.wboelen.be\/wp-content\/uploads\/2025\/02\/18bis.jpg 1119w\" sizes=\"auto, (max-width: 1024px) 100vw, 1024px\" \/><figcaption class=\"wp-element-caption\"><em>Keizer Napoleon I verleent gelijke rechten &#8211; waaronder dit van godsdienstvrijheid &#8211; aan de Joodse inwoners, burgers, van Frankrijk. De Joodse eredienst werd hiermee ook officieel erkent op het Franse grondgebied. (Ben Weider gaf een lezing over dit onderwerp:<a href=\"https:\/\/napoleon.wboelen.be\/wp-content\/uploads\/2023\/10\/napoleonandjews.pdf\">https:\/\/napoleon.wboelen.be\/wp-content\/uploads\/2023\/10\/napoleonandjews.pdf<\/a>, Engels en <a href=\"https:\/\/napoleon.wboelen.be\/wp-content\/uploads\/2023\/10\/NapoleonJuifs.pdf\">https:\/\/napoleon.wboelen.be\/wp-content\/uploads\/2023\/10\/NapoleonJuifs.pdf<\/a>, Frans)<\/em><\/figcaption><\/figure>\n\n\n\n<p class=\"has-text-align-center\">*<\/p>\n\n\n\n<p>Het Engelstalige <em>journal of the International Napoleonic Society<\/em> (INS) verscheen een eerste maal in <strong>april 1997<\/strong>. Tot en met 2013 werd het telkens uitgebracht op papier, daarna enkel nog digitaal (PDF). <\/p>\n\n\n\n<p class=\"has-text-align-center\">*<\/p>\n\n\n\n<p class=\"has-text-align-center\">***<\/p>\n\n\n\n<p class=\"has-text-align-center\">*<\/p>\n\n\n\n<p class=\"has-text-align-center\">Alle publicaties tot op heden: <a href=\"http:\/\/www.napoleonicsociety.com\/english\/scholarshipjournal.html\">http:\/\/www.napoleonicsociety.com\/english\/scholarshipjournal.html<\/a><\/p>\n\n\n\n<p class=\"has-text-align-center\">*<\/p>\n\n\n\n<p class=\"has-text-align-center\">***<\/p>\n\n\n\n<p class=\"has-text-align-center\">*<\/p>\n\n\n\n<p class=\"has-text-align-center\">Afzonderlijke edities van het tijdschrift:<\/p>\n\n\n\n<p class=\"has-text-align-center\">*<\/p>\n\n\n\n<p>Nummer 11, <strong>2021-2022<\/strong>: <a href=\"http:\/\/www.napoleonicsociety.com\/english\/pdf\/Journal2122.pdf\">http:\/\/www.napoleonicsociety.com\/english\/pdf\/Journal2122.pdf<\/a><\/p>\n\n\n\n<p><em>INHOUD<\/em>: <strong>Xavier Riaud<\/strong>, \u201cNapol\u00e9on Was Just a Man: His Diseases\u201d (pagina 1), <strong>Doina Pasca Harsanyi<\/strong>, \u201cCriminal Justice and Legitimacy in Occupied Lands\u201d (pagina 6), <strong>Marian Hochel<\/strong>, \u201cEmpire Style between Art and Propaganda? Reflections on the Napoleon\u02bcs Imperial Representation on the 200th Anniversary of His Death\u201d (pagina 12), <br><strong>Matej \u010capo<\/strong>, \u201cThe Napoleonic Wars in the Historical Memory of Bratislava: Historical Objects and Works of Art\u201d (pagina 24), <strong>Alasdair White<\/strong>, \u201cWhy St Helena? \u2026 Why Not the Yardarm \u201c pour ecourager les autres?\u201d The Napoleonic Era and the Rise of British Exceptionalism Exceptionalism&#8221; (pagina 57), <strong>Annaliese Wren<\/strong>, \u201cVisual Legacy of Napol\u00e9on during the Bourbon Restoration\u201d (pagina 68), <strong>Alex Grab<\/strong>, \u201cSmallpox Vaccination in Napoleonic Italy (1800-1814)\u201d (pagina 83), <strong>Wayne Hanley<\/strong>, \u201c\u2018What We\u2019ve Got Here Is Failure to Communicate\u2019: Marshal Ney and Napoleon in Poland\u201d (pagina 98), <strong>Eugene Breydo<\/strong>, \u201cNapoleon\u2019s Theorem and His Military Strategy\u201d (pagina 113), <strong>Alasdair White<\/strong>, \u201cVolcanoes in the Time of Revolution Revolution\u2014The Impact of Natural Events on Political Change: A Critical Theory Approach Approach\u201d (pagina 119),<br><strong>Blizniakov Roman Alexandrovich<\/strong> and <strong>Malishev Dimitrii Arkadievich<\/strong>, \u201cReview of Ivane Menteshashvili\u2019s Power and Hero. Napoleon Bonaparte\u201d (pagina 134), <strong>Paul Chamberlain<\/strong>, \u201cReview of Jonas de Neef\u2019s In The Wake of the Emperor: Memoirs and Letters of French Soldiers in Napoleon\u2019s Armies 1805-1814\u201d (pagina 138) en <strong>Wayne Hanley<\/strong>, \u201cReview of Beatrice de Graaf, Ido de Haan, and Brian Vick\u2019s Securing Europe after Napoleon: 1815 and the New European Security Culture\u201d (pagina 140).<\/p>\n\n\n\n<div data-wp-interactive=\"core\/file\" class=\"wp-block-file\"><object data-wp-bind--hidden=\"!state.hasPdfPreview\" hidden class=\"wp-block-file__embed\" data=\"https:\/\/napoleon.wboelen.be\/wp-content\/uploads\/2024\/11\/INS_Napoleonic_Scholarship_2021_2022.pdf\" type=\"application\/pdf\" style=\"width:100%;height:600px\" aria-label=\"Insluiting van INS_Napoleonic_Scholarship_2021_2022.\"><\/object><a id=\"wp-block-file--media-5ac036d1-7b41-480d-a9d7-a7137163eca9\" href=\"https:\/\/napoleon.wboelen.be\/wp-content\/uploads\/2024\/11\/INS_Napoleonic_Scholarship_2021_2022.pdf\">INS_Napoleonic_Scholarship_2021_2022<\/a><a href=\"https:\/\/napoleon.wboelen.be\/wp-content\/uploads\/2024\/11\/INS_Napoleonic_Scholarship_2021_2022.pdf\" class=\"wp-block-file__button wp-element-button\" download aria-describedby=\"wp-block-file--media-5ac036d1-7b41-480d-a9d7-a7137163eca9\">Downloaden<\/a><\/div>\n\n\n\n<p class=\"has-text-align-center\">*<\/p>\n\n\n\n<p>Nummer 10, <strong>2019-2020<\/strong>: <a href=\"http:\/\/www.napoleonicsociety.com\/english\/pdf\/journal2020.pdf\">http:\/\/www.napoleonicsociety.com\/english\/pdf\/journal2020.pdf<\/a><\/p>\n\n\n\n<p>Table of Contents\/<strong>Inhoud<\/strong>, <em>Napoleonic Scholarship 2019 &#8211; 2020<\/em>: <strong>J. David Markham<\/strong>, \u2018The Die is Now Cast:\u2019 The Route Napoleon, <strong>Susan Jaques<\/strong>, \u2018A Great Moral Lesson\u2019: Art Restitution and the Mus\u00e9e Napol\u00e9on, <strong>Marian Hochel<\/strong>, Napoleonic Memorabilia (Napoleonics) in the House of Bl\u00fccher: \u201cHero of the Day\u201d the Field Marshal Bl\u00fccher and Napoleon\u00b4s Carriage from Waterloo at Radu\u0148 Chateau, <strong>Nataliya Tanshina<\/strong>, Napoleon&#8217;s Sarcophagus Made of \u2018Russian Porphyry\u2019, <strong>Paul van Lunteren<\/strong>, Metternich\u2019s Delicate Dance of 1813: Diplomacy Between Eagles, <strong>Gilles Bertrand<\/strong>, Daniello Berlinghieri and the Hundred Days: Italian Diplomat at the Congress of Vienna, <strong>Peter Hicks<\/strong>, The Austrian Diplomat Baron von St\u00fcrmer and his Brush with Napoleon and Napoleonists, <strong>Doina Pasca Harsanyi<\/strong>, The Voice of Duty: Collaboration and Ideology in Napoleonic Italy (Parma\u2013Piacenza 1805-1810), <strong>Tatiana A. Kosykh<\/strong>, The British View of the French Occupation of Spain and Portugal, 1807-1814, <strong>John H. Gill<\/strong>, Combat Performance at the End of Alliance: The Hessian\u2013Darmstadt Contingent in 1813, <strong>Agnieszka Fuli\u0144ska<\/strong>, The Flight of the Eagle\u2014But What about the Eaglet?, <strong>Xavier Riaud<\/strong>, Healthcare Reforms under the Empire, <strong>Liudmila Sakharova<\/strong>, The Silent Witnesses of Napoleon\u2019s Abdication en <strong>Wayne Hanley<\/strong>, Marshal Ney: From Abdication to the Eve of Waterloo\u2014Buyer\u2019s Remorse?<\/p>\n\n\n\n<div data-wp-interactive=\"core\/file\" class=\"wp-block-file\"><object data-wp-bind--hidden=\"!state.hasPdfPreview\" hidden class=\"wp-block-file__embed\" data=\"https:\/\/napoleon.wboelen.be\/wp-content\/uploads\/2024\/11\/journal2020.pdf\" type=\"application\/pdf\" style=\"width:100%;height:600px\" aria-label=\"Insluiting van journal2020.\"><\/object><a id=\"wp-block-file--media-f5ea6835-1dd0-4162-a8a5-78a694d54d92\" href=\"https:\/\/napoleon.wboelen.be\/wp-content\/uploads\/2024\/11\/journal2020.pdf\">journal2020<\/a><a href=\"https:\/\/napoleon.wboelen.be\/wp-content\/uploads\/2024\/11\/journal2020.pdf\" class=\"wp-block-file__button wp-element-button\" download aria-describedby=\"wp-block-file--media-f5ea6835-1dd0-4162-a8a5-78a694d54d92\">Downloaden<\/a><\/div>\n\n\n\n<p class=\"has-text-align-center\">*<\/p>\n\n\n\n<p>Nummer 9, <strong>december 2018<\/strong>: <a href=\"http:\/\/www.napoleonicsociety.com\/english\/pdf\/journal2018.pdf\">http:\/\/www.napoleonicsociety.com\/english\/pdf\/journal2018.pdf<\/a><\/p>\n\n\n\n<p>Table of Contents\/<strong>Inhoud<\/strong>, <em>Napoleonic Scholarship &#8211; December 2018<\/em>: <strong>William L. Chew III<\/strong>, Napoleon and Germany: Louisa of Prussia Revisited. <strong>Susan P. Connor<\/strong>, The Agony and the Ecstasy: Marie Louise and The Birth of the King of Rome. <strong>Attila R\u00e9fi<\/strong>, A Career with an Unfair Ending: The Life and Military Activity of the Austrian Lieutenant General Baron Joseph Mesk\u00f3 de Fels\u0151kubin (1762-1815). <strong>Marian Hochel<\/strong>, Napoleonic Memorabilia as the Mediator of Historical Memory in Chateau Collections in Lands of the Bohemian Crown. <strong>Wayne Hanley<\/strong>, Napoleon and the Romantics: From Hero to Villain. <strong>Karl Jakob Skarstein<\/strong>, Napoleon\u2019s Forgotten Victory: Mondovi (21 April 1796). <strong>T. E. Crowdy<\/strong>, The Marengo Spy: Military Espionage in Napoleon\u2019s Second Italian Campaign. <strong>Dennis W. Potts<\/strong>, Quatre Bras: Dutch Courage Saves the Day. <strong>Bal\u00e1zs L\u00e1z\u00e1r<\/strong>, Army Recruitment in the Kingdom of Hungary during the Napoleonic War: Reform Efforts and Failures. <strong>Istv\u00e1n Nagy-Luttenberger<\/strong>, Hungarian Generals of the French Wars: A Study of Military Merit and Social Mobility. <strong>David Wright<\/strong>, W\u00fcrttemberg Light Troops: Their Tactical Deployment in the 1809 Campaign Against Austria. <strong>Matej \u010capo<\/strong>, The Occupation of Bratislava in 1809. <strong>Jarom\u00edr Kov\u00e1rn\u00edk<\/strong>, Mass Graves of the Battle of Znojmo\/Znaim 1809. <strong>Nicholas Stark<\/strong>, Masters in Their Own Country: Approaching Ireland in the Napoleonic System, 1796-1815. <strong>Andrzej Kosim<\/strong>, Shattered Illusions: The Secret Mission of Lieutenant-colonel Bj\u00f6rnstjerna to Napoleon in 1809. <strong>Alasdair White<\/strong>, Post-Napoleonic Political Unrest and the Formation of the State of Belgium 1813-1850: A Conceptual Approach. <strong>William L. Chew III<\/strong>, Napoleon, the Congress of Vienna and the Abolition of the Slave Trade. <strong>Alasdair White<\/strong> (a review by), Paul L. Dawson. Waterloo: The Truth at Last. Why Napoleon Lost the Great Battle.<\/p>\n\n\n\n<div data-wp-interactive=\"core\/file\" class=\"wp-block-file\"><object data-wp-bind--hidden=\"!state.hasPdfPreview\" hidden class=\"wp-block-file__embed\" data=\"https:\/\/napoleon.wboelen.be\/wp-content\/uploads\/2024\/11\/journal2018.pdf\" type=\"application\/pdf\" style=\"width:100%;height:600px\" aria-label=\"Insluiting van journal2018.\"><\/object><a id=\"wp-block-file--media-7fd58821-0ca8-4302-af45-2c2fc45b9322\" href=\"https:\/\/napoleon.wboelen.be\/wp-content\/uploads\/2024\/11\/journal2018.pdf\">journal2018<\/a><a href=\"https:\/\/napoleon.wboelen.be\/wp-content\/uploads\/2024\/11\/journal2018.pdf\" class=\"wp-block-file__button wp-element-button\" download aria-describedby=\"wp-block-file--media-7fd58821-0ca8-4302-af45-2c2fc45b9322\">Downloaden<\/a><\/div>\n\n\n\n<p class=\"has-text-align-center\">*<\/p>\n\n\n\n<p>Nummer 8, <strong>december 2017<\/strong>: <a href=\"http:\/\/www.napoleonicsociety.com\/english\/pdf\/journal2017.pdf\">http:\/\/www.napoleonicsociety.com\/english\/pdf\/journal2017.pdf<\/a><\/p>\n\n\n\n<p><em>INHOUD<\/em>: <strong>Peter Hicks<\/strong>, Who was Barry Edward O\u2019Meara? (pagina 10), <strong>Alasdair White<\/strong>, Of Myths and Memories \u2026 and Historical Documents about the Battle of Waterloo (pagina 32), <strong>Marina Ortiz<\/strong>, Rome Undone: Competing Views and Aligning Rhetoric Concerning the Despoliation of Italy (pagina 39), <strong>James Hurst<\/strong>, Killing in a Sepia Twilight: A \u201cNew\u201d 200-Year-Old Waterloo Painting (pagina 47), <strong>William L. Chew III<\/strong>, From Our Correspondent: Top U.S Diplomat Witnesses Return of Emperor (pagina 61),<br><strong>Susan P. Conner<\/strong>, Arms and the Woman: One Queen and Some Wives, Whores, and Others in Prussia, 1806-1815 (pagina 77), <strong>Romain Buclon<\/strong>, The Grand Duchy of Berg: From Murat to Napoleon (pagina 87), <strong>Karolina Stefanski<\/strong>, Paris to Kassel: Adaptation and Transformation of French Empire Style in Silver from the Kingdom of Westphalia (1807-1813) (pagina 93), <strong>Eugene Chalvardjian<\/strong>, Reorganization of the French Army under Napoleon (pagina 104), <strong>Kevin Broucke<\/strong>, Spearhead to Victory: Marshal Jean Lannes and the Reserve Corps at the Battle of Friedland, 14 June 1807 (pagina 115), <strong>Liudmila Sakharova<\/strong>, The Saber of Napoleon (pagina 137), <em><strong>Historic Documents<\/strong><\/em> (pagina 141), Fouch\u00e9 Justifies Bonaparte\u2019s Brumaire Coup (pagina 142), The Treaty of Lune\u0301ville 1801 (pagina 148), Ode on the Occasion of the Peace of Lune\u0301ville (pagina 158), Ode on the War Between France and England (pagina 177), Nouvelles Officielles 31 March 1814 (pagina 189), Lyon Journal 16 April 1814 (pagina 223) en Lyon Journal 17 April 1814 (pagina 235).<\/p>\n\n\n\n<div data-wp-interactive=\"core\/file\" class=\"wp-block-file\"><object data-wp-bind--hidden=\"!state.hasPdfPreview\" hidden class=\"wp-block-file__embed\" data=\"https:\/\/napoleon.wboelen.be\/wp-content\/uploads\/2024\/11\/journal2017.pdf\" type=\"application\/pdf\" style=\"width:100%;height:600px\" aria-label=\"Insluiting van journal2017.\"><\/object><a id=\"wp-block-file--media-bd53850b-9552-4be8-931d-bbb3dd1bc7bc\" href=\"https:\/\/napoleon.wboelen.be\/wp-content\/uploads\/2024\/11\/journal2017.pdf\">journal2017<\/a><a href=\"https:\/\/napoleon.wboelen.be\/wp-content\/uploads\/2024\/11\/journal2017.pdf\" class=\"wp-block-file__button wp-element-button\" download aria-describedby=\"wp-block-file--media-bd53850b-9552-4be8-931d-bbb3dd1bc7bc\">Downloaden<\/a><\/div>\n\n\n\n<p><strong>Bijlage<\/strong>, historische document(en) &#8211; (in Engelse vertaling):<\/p>\n\n\n\n<div data-wp-interactive=\"core\/file\" class=\"wp-block-file\"><object data-wp-bind--hidden=\"!state.hasPdfPreview\" hidden class=\"wp-block-file__embed\" data=\"https:\/\/napoleon.wboelen.be\/wp-content\/uploads\/2025\/04\/ode2019.pdf\" type=\"application\/pdf\" style=\"width:100%;height:600px\" aria-label=\"Insluiting van ode2019.\"><\/object><a id=\"wp-block-file--media-d32f5d36-bcbf-4b1b-a4a3-53a9188c1ab3\" href=\"https:\/\/napoleon.wboelen.be\/wp-content\/uploads\/2025\/04\/ode2019.pdf\">ode2019<\/a><a href=\"https:\/\/napoleon.wboelen.be\/wp-content\/uploads\/2025\/04\/ode2019.pdf\" class=\"wp-block-file__button wp-element-button\" download aria-describedby=\"wp-block-file--media-d32f5d36-bcbf-4b1b-a4a3-53a9188c1ab3\">Downloaden<\/a><\/div>\n\n\n\n<p class=\"has-text-align-center\">*<\/p>\n\n\n\n<p>Nummer 7, <strong>december 2016<\/strong>: <a href=\"https:\/\/gallery.mailchimp.com\/866adf3922a0f12a80ff859b5\/files\/fb83a680-3059-4cd0-9b77-f3a094e5f1e7\/Napoleonic_Scholarship_2016.pdf\">https:\/\/gallery.mailchimp.com\/866adf3922a0f12a80ff859b5\/files\/fb83a680-3059-4cd0-9b77-f3a094e5f1e7\/Napoleonic_Scholarship_2016.pdf<\/a><\/p>\n\n\n\n<p><em>INHOUD<\/em>: <strong>Adeline Beaurepaire-Hernandez<\/strong>, Italian Notables and Political Constraints under the First Empire (pagina 12), <strong>Doina Pasca Harsanyi<\/strong>, Between Glory and Good Sense: Resistance to Conscription and the National Guard Experience in the States of Parma, 1805-06 (pagina 21), <strong>Alasdair White<\/strong>, Dancing in the Time of War: The Expatriate British Social Elite in Belgium during the 1815 Campaign (pagina 38), <strong>Susan P. Conner<\/strong>, Dancing into Battle and Not Out Again: Women, War, and Waterloo (pagina 47), <strong>William L. Chew<\/strong>, An American Diplomat in \u2018Paree\u2019 during the Hundred Days (pagina 58), <strong>Zachary M. Stoltzfus<\/strong>, Napoleon\u2019s Kindle: Libraries, Literature, and the Legacy of the Napoleonic Era (pagina 75), <strong>Richard Siegler<\/strong>, A Motion for Heredity: Contextualizing Le Moniteur\u2019s Role in the Creation of the Empire, February-May 1804 (pagina 86), <strong>Suzanna Calev<\/strong>, The Path to Military Glory: A Study of Democratic-Republican Fascination of Napoleon Bonaparte during the Early American Republic and War of 1812 (pagina 95), <strong>Sam A. Mustafa<\/strong>, The Plunder State: Napoleon&#8217;s Exploitation of the Kingdom of Westphalia. (pagina 110), <strong>Nika Khoperia<\/strong>, Georgians in the Napoleonic Wars (1792-1815) (pagina 123), <strong>Eugene Chalvardjian<\/strong>, Clausewitz and Jomini: Two Different Interpreters of Napoleonic Warfare (pagina 129), <strong>Maureen MacLeod<\/strong>, Schooling and Privilege: Schoolgirls at the Maison d\u2019\u00e9ducation de la L\u00e9gion d\u2019honneur during the Napoleonic Empire (pagina 139), <strong>J. David Markham<\/strong>, Dr. James Verling: Napoleon\u2019s Would-Be Irish Doctor on St Helena (pagina 153) en <em><strong>Mordechai Gichon (1922 \u2013 2016)<\/strong><\/em> (pagina 168).<\/p>\n\n\n\n<div data-wp-interactive=\"core\/file\" class=\"wp-block-file\"><object data-wp-bind--hidden=\"!state.hasPdfPreview\" hidden class=\"wp-block-file__embed\" data=\"https:\/\/napoleon.wboelen.be\/wp-content\/uploads\/2024\/11\/Napoleonic_Scholarship_2016.pdf\" type=\"application\/pdf\" style=\"width:100%;height:600px\" aria-label=\"Insluiting van Napoleonic_Scholarship_2016.\"><\/object><a id=\"wp-block-file--media-1ffdaf86-fdbd-4451-9153-3ccc6f5439b4\" href=\"https:\/\/napoleon.wboelen.be\/wp-content\/uploads\/2024\/11\/Napoleonic_Scholarship_2016.pdf\">Napoleonic_Scholarship_2016<\/a><a href=\"https:\/\/napoleon.wboelen.be\/wp-content\/uploads\/2024\/11\/Napoleonic_Scholarship_2016.pdf\" class=\"wp-block-file__button wp-element-button\" download aria-describedby=\"wp-block-file--media-1ffdaf86-fdbd-4451-9153-3ccc6f5439b4\">Downloaden<\/a><\/div>\n\n\n\n<p class=\"has-text-align-center\">*<\/p>\n\n\n\n<p>Nummer 6, <strong>december 2015<\/strong>: <a href=\"http:\/\/www.napoleonicsociety.com\/english\/pdf\/journal2015.pdf\">http:\/\/www.napoleonicsociety.com\/english\/pdf\/journal2015.pdf<\/a><\/p>\n\n\n\n<p><strong>Inhoud<\/strong>: Opening Up a Few Cadavers: The Marketplace in Bodies in Eighteenth-Century and Napoleonic Paris by <strong>Susan P. Conner<\/strong> (pagina 10), The 1799 Anglo-Russian Invasion of Holland: A Comparative View from the Press by <strong>David Robinson<\/strong> (pagina 23), Al-Jabarti\u2019s Religious Hierarchy and Bonaparte\u2019s Revolutionary Hypocrisy by <strong>Pouyan Tabasinejad<\/strong> (pagina 44), Revolutionary Imperialism in the East, French Revolutionary Ideas as the Foundation of a New Form of Imperialism by <strong>Sheragim Jenabzadeh<\/strong> (pagina 56), A View from the Saddle: Using Google Earth\u00ae to Interpret Napoleonic Sites by <strong>Edna L. Markham<\/strong> (pagina 70), Plucking the Shamrock of Europe: Lessons from Irish Revolution and Union by <strong>Nicholas Stark<\/strong> (pagina 81), Ney\u2019s Mission to Switzerland, 1802-03 by <strong>Wayne Hanley<\/strong> (pagina 93), Convention of Cintra, A Revisionist View by <strong>Dennis W. Potts<\/strong> (pagina 109), Friends or Enemies? Deconstructing the Enemy: the Wooden Virgin by <strong>Mar\u00eda Zozaya Montes<\/strong> (pagina 125) en Poniatowski in 1813 by <strong>John Stanley<\/strong> (pagina 136).<\/p>\n\n\n\n<div data-wp-interactive=\"core\/file\" class=\"wp-block-file\"><object data-wp-bind--hidden=\"!state.hasPdfPreview\" hidden class=\"wp-block-file__embed\" data=\"https:\/\/napoleon.wboelen.be\/wp-content\/uploads\/2024\/11\/journal2015.pdf\" type=\"application\/pdf\" style=\"width:100%;height:600px\" aria-label=\"Insluiting van journal2015.\"><\/object><a id=\"wp-block-file--media-af52eeb0-658e-42fb-b364-744964e3b14d\" href=\"https:\/\/napoleon.wboelen.be\/wp-content\/uploads\/2024\/11\/journal2015.pdf\">journal2015<\/a><a href=\"https:\/\/napoleon.wboelen.be\/wp-content\/uploads\/2024\/11\/journal2015.pdf\" class=\"wp-block-file__button wp-element-button\" download aria-describedby=\"wp-block-file--media-af52eeb0-658e-42fb-b364-744964e3b14d\">Downloaden<\/a><\/div>\n\n\n\n<p class=\"has-text-align-center\">*****<\/p>\n\n\n\n<p class=\"has-text-align-center\">***<\/p>\n\n\n\n<p class=\"has-text-align-center\">*<\/p>\n\n\n\n<p><\/p>\n","protected":false},"excerpt":{"rendered":"<p>* Het Engelstalige journal of the International Napoleonic Society (INS) verscheen een eerste maal in april 1997. Tot en met 2013 werd het telkens uitgebracht op papier, daarna enkel nog digitaal (PDF). * *** * Alle publicaties tot op heden: http:\/\/www.napoleonicsociety.com\/english\/scholarshipjournal.html * *** * Afzonderlijke edities van het tijdschrift: * Nummer 11, 2021-2022: http:\/\/www.napoleonicsociety.com\/english\/pdf\/Journal2122.pdf INHOUD: &hellip;<\/p>\n<p class=\"read-more\"> <a class=\"\" href=\"https:\/\/napoleon.wboelen.be\/index.php\/ins-sni-napoleonic-scholarship-eng\/\"> <span class=\"screen-reader-text\">INS \/ SNI Napoleonic Scholarship (ENG) &#8211; sinds 2015<\/span> Lees meer &raquo;<\/a><\/p>\n","protected":false},"author":2,"featured_media":0,"parent":0,"menu_order":0,"comment_status":"closed","ping_status":"closed","template":"","meta":{"site-sidebar-layout":"default","site-content-layout":"","ast-site-content-layout":"","site-content-style":"default","site-sidebar-style":"default","ast-global-header-display":"","ast-banner-title-visibility":"","ast-main-header-display":"","ast-hfb-above-header-display":"","ast-hfb-below-header-display":"","ast-hfb-mobile-header-display":"","site-post-title":"","ast-breadcrumbs-content":"","ast-featured-img":"","footer-sml-layout":"","theme-transparent-header-meta":"","adv-header-id-meta":"","stick-header-meta":"","header-above-stick-meta":"","header-main-stick-meta":"","header-below-stick-meta":"","astra-migrate-meta-layouts":"","footnotes":""},"class_list":["post-1642","page","type-page","status-publish","hentry"],"_links":{"self":[{"href":"https:\/\/napoleon.wboelen.be\/index.php\/wp-json\/wp\/v2\/pages\/1642","targetHints":{"allow":["GET"]}}],"collection":[{"href":"https:\/\/napoleon.wboelen.be\/index.php\/wp-json\/wp\/v2\/pages"}],"about":[{"href":"https:\/\/napoleon.wboelen.be\/index.php\/wp-json\/wp\/v2\/types\/page"}],"author":[{"embeddable":true,"href":"https:\/\/napoleon.wboelen.be\/index.php\/wp-json\/wp\/v2\/users\/2"}],"replies":[{"embeddable":true,"href":"https:\/\/napoleon.wboelen.be\/index.php\/wp-json\/wp\/v2\/comments?post=1642"}],"version-history":[{"count":24,"href":"https:\/\/napoleon.wboelen.be\/index.php\/wp-json\/wp\/v2\/pages\/1642\/revisions"}],"predecessor-version":[{"id":3347,"href":"https:\/\/napoleon.wboelen.be\/index.php\/wp-json\/wp\/v2\/pages\/1642\/revisions\/3347"}],"wp:attachment":[{"href":"https:\/\/napoleon.wboelen.be\/index.php\/wp-json\/wp\/v2\/media?parent=1642"}],"curies":[{"name":"wp","href":"https:\/\/api.w.org\/{rel}","templated":true}]}}