{"id":1008,"date":"2023-10-05T20:48:23","date_gmt":"2023-10-05T18:48:23","guid":{"rendered":"https:\/\/napoleon.wboelen.be\/?page_id=1008"},"modified":"2025-04-16T23:00:04","modified_gmt":"2025-04-16T21:00:04","slug":"sint-helena","status":"publish","type":"page","link":"https:\/\/napoleon.wboelen.be\/index.php\/sint-helena\/","title":{"rendered":"Sint-Helena"},"content":{"rendered":"\n<p class=\"has-text-align-center\">Engelstalige versie van de lezing over de <em>\u201cbedevaart\u201d<\/em> naar Sint-Helena, door <strong>Ben Weider<\/strong>. Hij bezocht het eiland in juli <strong>1975<\/strong>. Sinds 2016 kan men het eiland per vliegtuig bereiken maar daarvoor kon dit enkel per (vracht)schip. Ben Weider ging er samen met zijn drie zonen &#8211; Louis, Eric en Mark &#8211; heen en werd er ontvangen door de toenmalige Franse ereconsul en conservator <strong>Gilbert Martineau<\/strong><sup data-fn=\"43a82e14-c4d4-4e8c-8432-16c6b5f1f9aa\" class=\"fn\"><a href=\"#43a82e14-c4d4-4e8c-8432-16c6b5f1f9aa\" id=\"43a82e14-c4d4-4e8c-8432-16c6b5f1f9aa-link\">1<\/a><\/sup>. Ze bezochten er <em>Longwood House<\/em>, het kleine paviljoen <em>The Briars<\/em>, de voormalige tombe van Napoleon (in de <em>Valley of the Tomb<\/em> of <em>Geranium Valley<\/em>) en de woonst van de Britse gouverneur, <em>Plantation House<\/em>. Op dit laatste na, zijn allen eigendom van de Franse overheid<sup data-fn=\"f698ef91-f04b-4132-9357-a44802a3f329\" class=\"fn\"><a href=\"#f698ef91-f04b-4132-9357-a44802a3f329\" id=\"f698ef91-f04b-4132-9357-a44802a3f329-link\">2<\/a><\/sup>.<\/p>\n\n\n\n<div data-wp-interactive=\"core\/file\" class=\"wp-block-file\"><object data-wp-bind--hidden=\"!state.hasPdfPreview\" hidden class=\"wp-block-file__embed\" data=\"https:\/\/napoleon.wboelen.be\/wp-content\/uploads\/2023\/10\/stehelena-1.pdf\" type=\"application\/pdf\" style=\"width:100%;height:600px\" aria-label=\"Insluiting van stehelena-1.\"><\/object><a id=\"wp-block-file--media-1aeaa22c-0034-4659-a126-e0b22113ecd2\" href=\"https:\/\/napoleon.wboelen.be\/wp-content\/uploads\/2023\/10\/stehelena-1.pdf\">stehelena-1<\/a><a href=\"https:\/\/napoleon.wboelen.be\/wp-content\/uploads\/2023\/10\/stehelena-1.pdf\" class=\"wp-block-file__button wp-element-button\" download aria-describedby=\"wp-block-file--media-1aeaa22c-0034-4659-a126-e0b22113ecd2\">Downloaden<\/a><\/div>\n\n\n\n<p class=\"has-text-align-center\"><strong>Franstalige<\/strong> versie van de lezing over de \u201cpelgrimstocht\u201d naar Sint-Helena, door Ben Weider:<\/p>\n\n\n\n<div data-wp-interactive=\"core\/file\" class=\"wp-block-file\"><object data-wp-bind--hidden=\"!state.hasPdfPreview\" hidden class=\"wp-block-file__embed\" data=\"https:\/\/napoleon.wboelen.be\/wp-content\/uploads\/2023\/10\/Pelrinage-1.pdf\" type=\"application\/pdf\" style=\"width:100%;height:600px\" aria-label=\"Insluiting van Pelrinage-1.\"><\/object><a id=\"wp-block-file--media-1cdc659d-9b14-48b6-bbb2-d1d1c1607b11\" href=\"https:\/\/napoleon.wboelen.be\/wp-content\/uploads\/2023\/10\/Pelrinage-1.pdf\">Pelrinage-1<\/a><a href=\"https:\/\/napoleon.wboelen.be\/wp-content\/uploads\/2023\/10\/Pelrinage-1.pdf\" class=\"wp-block-file__button wp-element-button\" download aria-describedby=\"wp-block-file--media-1cdc659d-9b14-48b6-bbb2-d1d1c1607b11\">Downloaden<\/a><\/div>\n\n\n\n<p class=\"has-text-align-center\">*<\/p>\n\n\n\n<figure class=\"wp-block-image aligncenter size-full\"><img loading=\"lazy\" decoding=\"async\" width=\"636\" height=\"435\" src=\"https:\/\/napoleon.wboelen.be\/wp-content\/uploads\/2023\/10\/SintHelena2.jpg\" alt=\"\" class=\"wp-image-1038\" srcset=\"https:\/\/napoleon.wboelen.be\/wp-content\/uploads\/2023\/10\/SintHelena2.jpg 636w, https:\/\/napoleon.wboelen.be\/wp-content\/uploads\/2023\/10\/SintHelena2-300x205.jpg 300w\" sizes=\"auto, (max-width: 636px) 100vw, 636px\" \/><figcaption class=\"wp-element-caption\"><em>Het Britse Sint-Helena heeft een oppervlakte van 122km\u00b2 en is gelegen in de zuidelijke Atlantische oceaan. Het eiland ligt 1800km verwijderd van de kust van Angola (Afrika). De afstand tot Brazili\u00eb (Zuid-Amerika) bedraagt 3500km. <\/em><\/figcaption><\/figure>\n\n\n\n<figure class=\"wp-block-image aligncenter size-large\"><img loading=\"lazy\" decoding=\"async\" width=\"1024\" height=\"454\" src=\"https:\/\/napoleon.wboelen.be\/wp-content\/uploads\/2023\/10\/SintHelenaB9704-1024x454.png\" alt=\"\" class=\"wp-image-1036\" srcset=\"https:\/\/napoleon.wboelen.be\/wp-content\/uploads\/2023\/10\/SintHelenaB9704-1024x454.png 1024w, https:\/\/napoleon.wboelen.be\/wp-content\/uploads\/2023\/10\/SintHelenaB9704-300x133.png 300w, https:\/\/napoleon.wboelen.be\/wp-content\/uploads\/2023\/10\/SintHelenaB9704-768x340.png 768w, https:\/\/napoleon.wboelen.be\/wp-content\/uploads\/2023\/10\/SintHelenaB9704.png 1515w\" sizes=\"auto, (max-width: 1024px) 100vw, 1024px\" \/><figcaption class=\"wp-element-caption\"><em>Een zicht op Jamestown, de voornaamste nederzetting op het eiland. Zijn eerste nacht op het eiland bracht Napoleon hier door. Het gebouw in kwestie, Porteous House, bestaat niet langer.<\/em><\/figcaption><\/figure>\n\n\n\n<figure class=\"wp-block-image aligncenter size-large\"><img loading=\"lazy\" decoding=\"async\" width=\"1024\" height=\"666\" src=\"https:\/\/napoleon.wboelen.be\/wp-content\/uploads\/2023\/10\/37-1024x666.jpg\" alt=\"\" class=\"wp-image-1034\" srcset=\"https:\/\/napoleon.wboelen.be\/wp-content\/uploads\/2023\/10\/37-1024x666.jpg 1024w, https:\/\/napoleon.wboelen.be\/wp-content\/uploads\/2023\/10\/37-300x195.jpg 300w, https:\/\/napoleon.wboelen.be\/wp-content\/uploads\/2023\/10\/37-768x499.jpg 768w, https:\/\/napoleon.wboelen.be\/wp-content\/uploads\/2023\/10\/37.jpg 1420w\" sizes=\"auto, (max-width: 1024px) 100vw, 1024px\" \/><figcaption class=\"wp-element-caption\"><em>De Britse Royal Navy had steeds meerdere schepen die de wateren rond Sint-Helena continu bewaakten toen Napoleon op het eiland leefde (als gedeporteerde?). Er lag ook een garnizoen van meerdere duizenden Britse soldaten op het eiland en er stonden zo&#8217;n 500 kanonnen opgesteld.<\/em><\/figcaption><\/figure>\n\n\n\n<figure class=\"wp-block-image aligncenter size-full\"><img loading=\"lazy\" decoding=\"async\" width=\"591\" height=\"376\" src=\"https:\/\/napoleon.wboelen.be\/wp-content\/uploads\/2024\/06\/SintHelenaA.png\" alt=\"\" class=\"wp-image-1773\" srcset=\"https:\/\/napoleon.wboelen.be\/wp-content\/uploads\/2024\/06\/SintHelenaA.png 591w, https:\/\/napoleon.wboelen.be\/wp-content\/uploads\/2024\/06\/SintHelenaA-300x191.png 300w\" sizes=\"auto, (max-width: 591px) 100vw, 591px\" \/><\/figure>\n\n\n\n<figure class=\"wp-block-image aligncenter size-full\"><img loading=\"lazy\" decoding=\"async\" width=\"593\" height=\"335\" src=\"https:\/\/napoleon.wboelen.be\/wp-content\/uploads\/2024\/06\/JamestownSintH.png\" alt=\"\" class=\"wp-image-1772\" srcset=\"https:\/\/napoleon.wboelen.be\/wp-content\/uploads\/2024\/06\/JamestownSintH.png 593w, https:\/\/napoleon.wboelen.be\/wp-content\/uploads\/2024\/06\/JamestownSintH-300x169.png 300w\" sizes=\"auto, (max-width: 593px) 100vw, 593px\" \/><\/figure>\n\n\n\n<figure class=\"wp-block-image aligncenter size-full\"><img loading=\"lazy\" decoding=\"async\" width=\"597\" height=\"342\" src=\"https:\/\/napoleon.wboelen.be\/wp-content\/uploads\/2024\/06\/PlantationHouseSH.png\" alt=\"\" class=\"wp-image-1774\" srcset=\"https:\/\/napoleon.wboelen.be\/wp-content\/uploads\/2024\/06\/PlantationHouseSH.png 597w, https:\/\/napoleon.wboelen.be\/wp-content\/uploads\/2024\/06\/PlantationHouseSH-300x172.png 300w\" sizes=\"auto, (max-width: 597px) 100vw, 597px\" \/><\/figure>\n\n\n\n<figure class=\"wp-block-image aligncenter size-full\"><img loading=\"lazy\" decoding=\"async\" width=\"601\" height=\"348\" src=\"https:\/\/napoleon.wboelen.be\/wp-content\/uploads\/2023\/10\/SintHelena3.jpg\" alt=\"\" class=\"wp-image-1037\" srcset=\"https:\/\/napoleon.wboelen.be\/wp-content\/uploads\/2023\/10\/SintHelena3.jpg 601w, https:\/\/napoleon.wboelen.be\/wp-content\/uploads\/2023\/10\/SintHelena3-300x174.jpg 300w\" sizes=\"auto, (max-width: 601px) 100vw, 601px\" \/><figcaption class=\"wp-element-caption\"><em>Longwood House, waar Napoleon &#8211; uitgezonderd enkele maanden in begin &#8211; woonde gedurende zijn tijd op Sint-Helena. Hij overleed er op 5 mei 1821. Deze afbeelding toont de toestand in de decennia na Napoleons overlijden en voor het gebouw en omgeving eigendom werd van de Franse overheid. <\/em><\/figcaption><\/figure>\n\n\n\n<figure class=\"wp-block-image aligncenter size-large\"><img loading=\"lazy\" decoding=\"async\" width=\"1024\" height=\"697\" src=\"https:\/\/napoleon.wboelen.be\/wp-content\/uploads\/2023\/10\/38-1024x697.jpg\" alt=\"\" class=\"wp-image-1035\" srcset=\"https:\/\/napoleon.wboelen.be\/wp-content\/uploads\/2023\/10\/38-1024x697.jpg 1024w, https:\/\/napoleon.wboelen.be\/wp-content\/uploads\/2023\/10\/38-300x204.jpg 300w, https:\/\/napoleon.wboelen.be\/wp-content\/uploads\/2023\/10\/38-768x523.jpg 768w, https:\/\/napoleon.wboelen.be\/wp-content\/uploads\/2023\/10\/38.jpg 1437w\" sizes=\"auto, (max-width: 1024px) 100vw, 1024px\" \/><figcaption class=\"wp-element-caption\"><em>Het graf van Napoleon op Sint-Helena. De grafsteen heeft nooit enig opschrift gedragen. Men kan de lege tombe nog steeds bezoeken. Ook deze is nu eigendom van Frankrijk.<\/em> <em>Napoleon werd hier op 9 mei 1821 begraven, in &#8220;Geranium Valley&#8221;, hij had deze plek zelf gekozen. In oktober 1840 werd zijn lichaam overgebracht naar Frankrijk en in Parijs begraven.<\/em><\/figcaption><\/figure>\n\n\n\n<figure class=\"wp-block-image aligncenter size-full\"><img loading=\"lazy\" decoding=\"async\" width=\"599\" height=\"340\" src=\"https:\/\/napoleon.wboelen.be\/wp-content\/uploads\/2024\/06\/ValleiTombe-1.png\" alt=\"\" class=\"wp-image-1776\" srcset=\"https:\/\/napoleon.wboelen.be\/wp-content\/uploads\/2024\/06\/ValleiTombe-1.png 599w, https:\/\/napoleon.wboelen.be\/wp-content\/uploads\/2024\/06\/ValleiTombe-1-300x170.png 300w\" sizes=\"auto, (max-width: 599px) 100vw, 599px\" \/><\/figure>\n\n\n\n<p><\/p>\n\n\n\n<p class=\"has-text-align-center\"><strong>Nog enkele oude afbeeldingen van het eiland: <\/strong><\/p>\n\n\n\n<p class=\"has-text-align-center\"><a href=\"https:\/\/bibliotheque-martial-lapeyre.napoleon.org\/Default\/doc\/SYRACUSE\/59692\/vues-de-sainte-helene-mentionnees-au-memorial-de-m-le-comte-de-las-cases\"><sup>https:\/\/bibliotheque-martial-lapeyre.napoleon.org\/Default\/doc\/SYRACUSE\/59692\/vues-de-sainte-helene-mentionnees-au-memorial-de-m-le-comte-de-las-cases<\/sup><\/a><\/p>\n\n\n\n<p class=\"has-text-align-center\">*<\/p>\n\n\n\n<p>Tekst, geschreven door <strong>Jean-Claude Damamme<\/strong>, naar aanleiding van de opening van een <strong>luchthaven op Sint-Helena<\/strong> in 2016, met onder meer aandacht voor Napoleon in het kader van de wens om meer toeristen naar het eiland te brengen. <em><strong>&lt;&lt;Napol\u00e9on, sauveur de Sainte-H\u00e9l\u00e8ne?>><\/strong><\/em><\/p>\n\n\n\n<div data-wp-interactive=\"core\/file\" class=\"wp-block-file\"><object data-wp-bind--hidden=\"!state.hasPdfPreview\" hidden class=\"wp-block-file__embed\" data=\"https:\/\/napoleon.wboelen.be\/wp-content\/uploads\/2023\/11\/LuchthavenSintHelena-1.pdf\" type=\"application\/pdf\" style=\"width:100%;height:600px\" aria-label=\"Insluiting van LuchthavenSintHelena-1.\"><\/object><a id=\"wp-block-file--media-21309e39-6692-435e-a61f-bd57e622258c\" href=\"https:\/\/napoleon.wboelen.be\/wp-content\/uploads\/2023\/11\/LuchthavenSintHelena-1.pdf\">LuchthavenSintHelena-1<\/a><a href=\"https:\/\/napoleon.wboelen.be\/wp-content\/uploads\/2023\/11\/LuchthavenSintHelena-1.pdf\" class=\"wp-block-file__button wp-element-button\" download aria-describedby=\"wp-block-file--media-21309e39-6692-435e-a61f-bd57e622258c\">Downloaden<\/a><\/div>\n\n\n\n<p>Korte tekst naar aanleiding van een opmerking door Michel Dancoisne-Martineau, de conservator van de Franse domeinen op het eiland Sint-Helena en ereconsul van Frankrijk aldaar. Door <strong>Jean-Claude Damamme<\/strong>. <em>&lt;&lt;Les \u00e9tranges r\u00e9flexions d&#8217;un Robinson>><\/em><sup data-fn=\"b3cb9650-efd8-4034-bf8a-b53dec3b91ec\" class=\"fn\"><a href=\"#b3cb9650-efd8-4034-bf8a-b53dec3b91ec\" id=\"b3cb9650-efd8-4034-bf8a-b53dec3b91ec-link\">3<\/a><\/sup><\/p>\n\n\n\n<div data-wp-interactive=\"core\/file\" class=\"wp-block-file\"><object data-wp-bind--hidden=\"!state.hasPdfPreview\" hidden class=\"wp-block-file__embed\" data=\"https:\/\/napoleon.wboelen.be\/wp-content\/uploads\/2025\/03\/Les-etranges-reflexions-d.pdf\" type=\"application\/pdf\" style=\"width:100%;height:600px\" aria-label=\"Insluiting van Les \u00e9tranges r\u00e9flexions d.\"><\/object><a id=\"wp-block-file--media-0adf3184-ec76-4378-bfe1-7f3d95b97c4f\" href=\"https:\/\/napoleon.wboelen.be\/wp-content\/uploads\/2025\/03\/Les-etranges-reflexions-d.pdf\">Les \u00e9tranges r\u00e9flexions d<\/a><a href=\"https:\/\/napoleon.wboelen.be\/wp-content\/uploads\/2025\/03\/Les-etranges-reflexions-d.pdf\" class=\"wp-block-file__button wp-element-button\" download aria-describedby=\"wp-block-file--media-0adf3184-ec76-4378-bfe1-7f3d95b97c4f\">Downloaden<\/a><\/div>\n\n\n\n<p class=\"has-text-align-center\">*<\/p>\n\n\n\n<p class=\"has-text-align-center\"><strong>Floortje Dessing<\/strong> ging tweemaal naar Sint-Helena in het kader van haar televisieprogramma <em>Floortje (terug) naar het einde van de wereld<\/em>:<\/p>\n\n\n\n<p class=\"has-text-align-center\"><a href=\"https:\/\/npo.nl\/start\/serie\/floortje-naar-het-einde-van-de-wereld\/seizoen-1\/sint-helena_1\/afspelen\">https:\/\/npo.nl\/start\/serie\/floortje-naar-het-einde-van-de-wereld\/seizoen-1\/sint-helena_1\/afspelen<\/a> (2014)<\/p>\n\n\n\n<p class=\"has-text-align-center\"><a href=\"https:\/\/npo.nl\/start\/serie\/floortje-terug-naar-het-einde-van-de-wereld\/seizoen-1\/sint-helena\">https:\/\/npo.nl\/start\/serie\/floortje-terug-naar-het-einde-van-de-wereld\/seizoen-1\/sint-helena<\/a> (2020)<\/p>\n\n\n\n<p class=\"has-text-align-center\"><strong>History Hit<\/strong> bezoekt Sint-Helena:<\/p>\n\n\n\n<p class=\"has-text-align-center\"><a href=\"https:\/\/www.youtube.com\/watch?v=BDX9VzQ5l-I\">https:\/\/www.youtube.com\/watch?v=BDX9VzQ5l-I<\/a><\/p>\n\n\n\n<p class=\"has-text-align-center\">*<\/p>\n\n\n\n<p class=\"has-text-align-center\">Artikel &#8220;Rescuing Napoleon from St. Helena&#8221;, door <strong>Emilio Ocampo<\/strong>. Afkomstig uit het <em>Napoleonic Scholarship<\/em>, editie 2011. Zie ook <a href=\"https:\/\/napoleon.wboelen.be\/index.php\/ins-sni-napoleonic-scholarship-eng-1997-2013\/\">https:\/\/napoleon.wboelen.be\/index.php\/ins-sni-napoleonic-scholarship-eng-1997-2013\/<\/a> en <a href=\"http:\/\/www.napoleonicsociety.com\/english\/journal2011tc.html\">http:\/\/www.napoleonicsociety.com\/english\/journal2011tc.html<\/a>.<\/p>\n\n\n\n<div data-wp-interactive=\"core\/file\" class=\"wp-block-file\"><object data-wp-bind--hidden=\"!state.hasPdfPreview\" hidden class=\"wp-block-file__embed\" data=\"https:\/\/napoleon.wboelen.be\/wp-content\/uploads\/2025\/04\/j2011ocampo-1.pdf\" type=\"application\/pdf\" style=\"width:100%;height:600px\" aria-label=\"Insluiting van j2011ocampo.\"><\/object><a id=\"wp-block-file--media-ca33c080-5aa0-415f-aef1-15fe5c7ba3d6\" href=\"https:\/\/napoleon.wboelen.be\/wp-content\/uploads\/2025\/04\/j2011ocampo-1.pdf\">j2011ocampo<\/a><a href=\"https:\/\/napoleon.wboelen.be\/wp-content\/uploads\/2025\/04\/j2011ocampo-1.pdf\" class=\"wp-block-file__button wp-element-button\" download aria-describedby=\"wp-block-file--media-ca33c080-5aa0-415f-aef1-15fe5c7ba3d6\">Downloaden<\/a><\/div>\n\n\n\n<p class=\"has-text-align-center\">*<\/p>\n\n\n<ol class=\"wp-block-footnotes\"><li id=\"43a82e14-c4d4-4e8c-8432-16c6b5f1f9aa\"><strong>Gilbert Martineau<\/strong> (1918-1995), overzicht van diens geschreven werk: <a href=\"https:\/\/data.bnf.fr\/fr\/11914861\/gilbert_martineau\/\">https:\/\/data.bnf.fr\/fr\/11914861\/gilbert_martineau\/<\/a>. <a href=\"#43a82e14-c4d4-4e8c-8432-16c6b5f1f9aa-link\" aria-label=\"Ga naar voetnoot referentie 1\">\u21a9\ufe0e<\/a><\/li><li id=\"f698ef91-f04b-4132-9357-a44802a3f329\"><strong>Domaines nationaux fran\u00e7ais \u00e0 Sainte-H\u00e9l\u00e8ne<\/strong>: <a href=\"https:\/\/ste-helene.domaine-national.fr\/-Domaines-nationaux-francais-a-Sainte-Helene-\">https:\/\/ste-helene.domaine-national.fr\/-Domaines-nationaux-francais-a-Sainte-Helene-<\/a>. <a href=\"#f698ef91-f04b-4132-9357-a44802a3f329-link\" aria-label=\"Ga naar voetnoot referentie 2\">\u21a9\ufe0e<\/a><\/li><li id=\"b3cb9650-efd8-4034-bf8a-b53dec3b91ec\">Naar <em>Robinson Crusoe<\/em>, het hoofdpersonage uit het gelijknamige boek door de Britse\/Engelse schrijver <strong>Daniel Defoe<\/strong> (1660-1731). De roman verscheen in 1719. <a href=\"#b3cb9650-efd8-4034-bf8a-b53dec3b91ec-link\" aria-label=\"Ga naar voetnoot referentie 3\">\u21a9\ufe0e<\/a><\/li><\/ol>\n\n\n<p><\/p>\n","protected":false},"excerpt":{"rendered":"<p>Engelstalige versie van de lezing over de \u201cbedevaart\u201d naar Sint-Helena, door Ben Weider. Hij bezocht het eiland in juli 1975. Sinds 2016 kan men het eiland per vliegtuig bereiken maar daarvoor kon dit enkel per (vracht)schip. Ben Weider ging er samen met zijn drie zonen &#8211; Louis, Eric en Mark &#8211; heen en werd er &hellip;<\/p>\n<p class=\"read-more\"> <a class=\"\" href=\"https:\/\/napoleon.wboelen.be\/index.php\/sint-helena\/\"> <span class=\"screen-reader-text\">Sint-Helena<\/span> Lees meer &raquo;<\/a><\/p>\n","protected":false},"author":2,"featured_media":0,"parent":0,"menu_order":0,"comment_status":"closed","ping_status":"closed","template":"","meta":{"site-sidebar-layout":"default","site-content-layout":"","ast-site-content-layout":"","site-content-style":"default","site-sidebar-style":"default","ast-global-header-display":"","ast-banner-title-visibility":"","ast-main-header-display":"","ast-hfb-above-header-display":"","ast-hfb-below-header-display":"","ast-hfb-mobile-header-display":"","site-post-title":"","ast-breadcrumbs-content":"","ast-featured-img":"","footer-sml-layout":"","theme-transparent-header-meta":"","adv-header-id-meta":"","stick-header-meta":"","header-above-stick-meta":"","header-main-stick-meta":"","header-below-stick-meta":"","astra-migrate-meta-layouts":"","footnotes":"[{\"content\":\"<strong>Gilbert Martineau<\/strong> (1918-1995), overzicht van diens geschreven werk: <a href=\\\"https:\/\/data.bnf.fr\/fr\/11914861\/gilbert_martineau\/\\\">https:\/\/data.bnf.fr\/fr\/11914861\/gilbert_martineau\/<\/a>.\",\"id\":\"43a82e14-c4d4-4e8c-8432-16c6b5f1f9aa\"},{\"content\":\"<strong>Domaines nationaux fran\u00e7ais \u00e0 Sainte-H\u00e9l\u00e8ne<\/strong>: <a href=\\\"https:\/\/ste-helene.domaine-national.fr\/-Domaines-nationaux-francais-a-Sainte-Helene-\\\">https:\/\/ste-helene.domaine-national.fr\/-Domaines-nationaux-francais-a-Sainte-Helene-<\/a>.\",\"id\":\"f698ef91-f04b-4132-9357-a44802a3f329\"},{\"content\":\"Naar <em>Robinson Crusoe<\/em>, het hoofdpersonage uit het gelijknamige boek door de Britse\/Engelse schrijver <strong>Daniel Defoe<\/strong> (1660-1731). De roman verscheen in 1719.\",\"id\":\"b3cb9650-efd8-4034-bf8a-b53dec3b91ec\"}]"},"class_list":["post-1008","page","type-page","status-publish","hentry"],"_links":{"self":[{"href":"https:\/\/napoleon.wboelen.be\/index.php\/wp-json\/wp\/v2\/pages\/1008","targetHints":{"allow":["GET"]}}],"collection":[{"href":"https:\/\/napoleon.wboelen.be\/index.php\/wp-json\/wp\/v2\/pages"}],"about":[{"href":"https:\/\/napoleon.wboelen.be\/index.php\/wp-json\/wp\/v2\/types\/page"}],"author":[{"embeddable":true,"href":"https:\/\/napoleon.wboelen.be\/index.php\/wp-json\/wp\/v2\/users\/2"}],"replies":[{"embeddable":true,"href":"https:\/\/napoleon.wboelen.be\/index.php\/wp-json\/wp\/v2\/comments?post=1008"}],"version-history":[{"count":30,"href":"https:\/\/napoleon.wboelen.be\/index.php\/wp-json\/wp\/v2\/pages\/1008\/revisions"}],"predecessor-version":[{"id":3395,"href":"https:\/\/napoleon.wboelen.be\/index.php\/wp-json\/wp\/v2\/pages\/1008\/revisions\/3395"}],"wp:attachment":[{"href":"https:\/\/napoleon.wboelen.be\/index.php\/wp-json\/wp\/v2\/media?parent=1008"}],"curies":[{"name":"wp","href":"https:\/\/api.w.org\/{rel}","templated":true}]}}